{"id":1228,"date":"2020-10-25T17:13:32","date_gmt":"2020-10-25T20:13:32","guid":{"rendered":"https:\/\/rcf.eng.br\/blog\/?page_id=1228"},"modified":"2024-08-06T15:06:16","modified_gmt":"2024-08-06T18:06:16","slug":"homepage","status":"publish","type":"page","link":"https:\/\/rcf.eng.br\/blog\/","title":{"rendered":"Homepage"},"content":{"rendered":"\t\t<div data-elementor-type=\"wp-page\" data-elementor-id=\"1228\" class=\"elementor elementor-1228\" data-elementor-settings=\"[]\">\n\t\t\t\t\t\t<div class=\"elementor-inner\">\n\t\t\t\t\t\t\t<div class=\"elementor-section-wrap\">\n\t\t\t\t\t\t\t<section class=\"elementor-section elementor-top-section elementor-element elementor-element-0a5ba7b elementor-section-boxed elementor-section-height-default elementor-section-height-default\" data-id=\"0a5ba7b\" data-element_type=\"section\">\n\t\t\t\t\t\t<div class=\"elementor-container elementor-column-gap-default\">\n\t\t\t\t\t\t\t<div class=\"elementor-row\">\n\t\t\t\t\t<div class=\"elementor-column elementor-col-100 elementor-top-column elementor-element elementor-element-0f8b25b\" data-id=\"0f8b25b\" data-element_type=\"column\">\n\t\t\t<div class=\"elementor-column-wrap elementor-element-populated\">\n\t\t\t\t\t\t\t<div class=\"elementor-widget-wrap\">\n\t\t\t\t\t\t<div class=\"elementor-element elementor-element-11243fe elementor-grid-1 elementor-posts--thumbnail-left elementor-grid-tablet-1 elementor-grid-mobile-1 elementor-widget elementor-widget-posts\" data-id=\"11243fe\" data-element_type=\"widget\" data-settings=\"{&quot;classic_columns&quot;:&quot;1&quot;,&quot;classic_row_gap&quot;:{&quot;unit&quot;:&quot;px&quot;,&quot;size&quot;:40,&quot;sizes&quot;:[]},&quot;classic_columns_tablet&quot;:&quot;1&quot;,&quot;classic_columns_mobile&quot;:&quot;1&quot;}\" data-widget_type=\"posts.classic\">\n\t\t\t\t<div class=\"elementor-widget-container\">\n\t\t\t\t\t<div class=\"elementor-posts-container elementor-posts elementor-posts--skin-classic elementor-grid\">\n\t\t\t\t<article class=\"elementor-post elementor-grid-item post-900 post type-post status-publish format-standard has-post-thumbnail hentry category-melhores_construcoes tag-construcao tag-luxo tag-modernidade tag-rcf tag-reforma tag-residencias\">\n\t\t\t\t<a class=\"elementor-post__thumbnail__link\" href=\"https:\/\/rcf.eng.br\/blog\/portfolio-rcf\/\" >\n\t\t\t<div class=\"elementor-post__thumbnail\"><img width=\"580\" height=\"387\" src=\"https:\/\/i2.wp.com\/rcf.eng.br\/blog\/wp-content\/uploads\/2020\/06\/foto-obras-rcf.jpg?fit=580%2C387&amp;ssl=1\" class=\"attachment-medium_large size-medium_large\" alt=\"\" loading=\"lazy\" srcset=\"https:\/\/i2.wp.com\/rcf.eng.br\/blog\/wp-content\/uploads\/2020\/06\/foto-obras-rcf.jpg?w=800&amp;ssl=1 800w, https:\/\/i2.wp.com\/rcf.eng.br\/blog\/wp-content\/uploads\/2020\/06\/foto-obras-rcf.jpg?resize=300%2C200&amp;ssl=1 300w, https:\/\/i2.wp.com\/rcf.eng.br\/blog\/wp-content\/uploads\/2020\/06\/foto-obras-rcf.jpg?resize=750%2C500&amp;ssl=1 750w, https:\/\/i2.wp.com\/rcf.eng.br\/blog\/wp-content\/uploads\/2020\/06\/foto-obras-rcf.jpg?resize=768%2C512&amp;ssl=1 768w\" sizes=\"(max-width: 580px) 100vw, 580px\" \/><\/div>\n\t\t<\/a>\n\t\t\t\t<div class=\"elementor-post__text\">\n\t\t\t\t<h3 class=\"elementor-post__title\">\n\t\t\t<a href=\"https:\/\/rcf.eng.br\/blog\/portfolio-rcf\/\" >\n\t\t\t\tRCF &#8211; Constru\u00e7\u00f5es e reformas de luxo em Curitiba\t\t\t<\/a>\n\t\t<\/h3>\n\t\t\t\t<div class=\"elementor-post__meta-data\">\n\t\t\t\t\t<span class=\"elementor-post-author\">\n\t\t\tdevrocket\t\t<\/span>\n\t\t\t\t<span class=\"elementor-post-date\">\n\t\t\t24 de junho de 2020\t\t<\/span>\n\t\t\t\t<span class=\"elementor-post-avatar\">\n\t\t\tNenhum coment\u00e1rio\t\t<\/span>\n\t\t\t\t<\/div>\n\t\t\t\t<div class=\"elementor-post__excerpt\">\n\t\t\t<p>Confira nossos empreendimentos e inspire-se para construir sua casa do sonhos ou reformar e deixar do jeito que sempre quis! N\u00e3o \u00e9 um portf\u00f3lio, \u00e9 a hist\u00f3ria de nossas obras! RESIDENCIA MM A resid\u00eancia MM foi constru\u00edda no bairro Boqueir\u00e3o, em condom\u00ednio de alto padr\u00e3o.<\/p>\n\t\t<\/div>\n\t\t\t\t\t<a class=\"elementor-post__read-more\" href=\"https:\/\/rcf.eng.br\/blog\/portfolio-rcf\/\" >\n\t\t\t\tLEIA MAIS\t\t\t<\/a>\n\t\t\t\t<\/div>\n\t\t\t\t<\/article>\n\t\t\t\t<article class=\"elementor-post elementor-grid-item post-1296 post type-post status-publish format-standard hentry category-melhores_dicas_de_obras tag-construcao-curitiba tag-construtora-curitiba tag-cub-parana tag-custo-obra-alto-padrao\">\n\t\t\t\t<div class=\"elementor-post__text\">\n\t\t\t\t<h3 class=\"elementor-post__title\">\n\t\t\t<a href=\"https:\/\/rcf.eng.br\/blog\/custo-obra-alto-padrao-curitiba\/\" >\n\t\t\t\tQuanto Custa uma Obra de Alto Padr\u00e3o em Curitiba?\t\t\t<\/a>\n\t\t<\/h3>\n\t\t\t\t<div class=\"elementor-post__meta-data\">\n\t\t\t\t\t<span class=\"elementor-post-author\">\n\t\t\tRenato\t\t<\/span>\n\t\t\t\t<span class=\"elementor-post-date\">\n\t\t\t19 de agosto de 2024\t\t<\/span>\n\t\t\t\t<span class=\"elementor-post-avatar\">\n\t\t\tNenhum coment\u00e1rio\t\t<\/span>\n\t\t\t\t<\/div>\n\t\t\t\t<div class=\"elementor-post__excerpt\">\n\t\t\t<p>Construir ou reformar um im\u00f3vel de alto padr\u00e3o \u00e9 um investimento significativo, e entender os custos envolvidos \u00e9 fundamental para um planejamento financeiro s\u00f3lido. O CUB (Custo Unit\u00e1rio B\u00e1sico) \u00e9 uma refer\u00eancia importante para estimar o custo da constru\u00e7\u00e3o, mas ele n\u00e3o conta toda a hist\u00f3ria.<\/p>\n\t\t<\/div>\n\t\t\t\t\t<a class=\"elementor-post__read-more\" href=\"https:\/\/rcf.eng.br\/blog\/custo-obra-alto-padrao-curitiba\/\" >\n\t\t\t\tLEIA MAIS\t\t\t<\/a>\n\t\t\t\t<\/div>\n\t\t\t\t<\/article>\n\t\t\t\t<article class=\"elementor-post elementor-grid-item post-1289 post type-post status-publish format-standard hentry category-gestao tag-construcao-alto-padrao tag-construtora-curitiba tag-gestao-de-obras tag-melhor-construtora-curitiba tag-reforma-curitiba\">\n\t\t\t\t<div class=\"elementor-post__text\">\n\t\t\t\t<h3 class=\"elementor-post__title\">\n\t\t\t<a href=\"https:\/\/rcf.eng.br\/blog\/qual-e-a-melhor-construtora-de-curitiba\/\" >\n\t\t\t\tQual \u00e9 A Melhor Construtora de Curitiba?\t\t\t<\/a>\n\t\t<\/h3>\n\t\t\t\t<div class=\"elementor-post__meta-data\">\n\t\t\t\t\t<span class=\"elementor-post-author\">\n\t\t\tRenato\t\t<\/span>\n\t\t\t\t<span class=\"elementor-post-date\">\n\t\t\t19 de agosto de 2024\t\t<\/span>\n\t\t\t\t<span class=\"elementor-post-avatar\">\n\t\t\tNenhum coment\u00e1rio\t\t<\/span>\n\t\t\t\t<\/div>\n\t\t\t\t<div class=\"elementor-post__excerpt\">\n\t\t\t<p>A Gest\u00e3o de Obras que Faz a Diferen\u00e7a A busca pela &#8220;melhor construtora de Curitiba&#8221; \u00e9 uma jornada repleta de op\u00e7\u00f5es e crit\u00e9rios a serem considerados. Afinal, a construtora ideal varia de acordo com as necessidades e expectativas de cada cliente. No entanto, h\u00e1 um<\/p>\n\t\t<\/div>\n\t\t\t\t\t<a class=\"elementor-post__read-more\" href=\"https:\/\/rcf.eng.br\/blog\/qual-e-a-melhor-construtora-de-curitiba\/\" >\n\t\t\t\tLEIA MAIS\t\t\t<\/a>\n\t\t\t\t<\/div>\n\t\t\t\t<\/article>\n\t\t\t\t<article class=\"elementor-post elementor-grid-item post-1189 post type-post status-publish format-standard has-post-thumbnail hentry category-melhores_dicas_de_obras\">\n\t\t\t\t<a class=\"elementor-post__thumbnail__link\" href=\"https:\/\/rcf.eng.br\/blog\/saiba-como-economizar-agua-neste-periodo-sem-chuvas\/\" >\n\t\t\t<div class=\"elementor-post__thumbnail\"><img width=\"580\" height=\"387\" src=\"https:\/\/i0.wp.com\/rcf.eng.br\/blog\/wp-content\/uploads\/2020\/07\/saiba-como-economizar-agua-neste-periodo-sem-chuvas-scaled.jpg?fit=580%2C387&amp;ssl=1\" class=\"attachment-medium_large size-medium_large\" alt=\"saiba-como-economizar-agua-neste-periodo-sem-chuvas\" loading=\"lazy\" srcset=\"https:\/\/i0.wp.com\/rcf.eng.br\/blog\/wp-content\/uploads\/2020\/07\/saiba-como-economizar-agua-neste-periodo-sem-chuvas-scaled.jpg?w=2560&amp;ssl=1 2560w, https:\/\/i0.wp.com\/rcf.eng.br\/blog\/wp-content\/uploads\/2020\/07\/saiba-como-economizar-agua-neste-periodo-sem-chuvas-scaled.jpg?resize=300%2C200&amp;ssl=1 300w, https:\/\/i0.wp.com\/rcf.eng.br\/blog\/wp-content\/uploads\/2020\/07\/saiba-como-economizar-agua-neste-periodo-sem-chuvas-scaled.jpg?resize=750%2C500&amp;ssl=1 750w, https:\/\/i0.wp.com\/rcf.eng.br\/blog\/wp-content\/uploads\/2020\/07\/saiba-como-economizar-agua-neste-periodo-sem-chuvas-scaled.jpg?resize=768%2C512&amp;ssl=1 768w, https:\/\/i0.wp.com\/rcf.eng.br\/blog\/wp-content\/uploads\/2020\/07\/saiba-como-economizar-agua-neste-periodo-sem-chuvas-scaled.jpg?resize=1536%2C1024&amp;ssl=1 1536w, https:\/\/i0.wp.com\/rcf.eng.br\/blog\/wp-content\/uploads\/2020\/07\/saiba-como-economizar-agua-neste-periodo-sem-chuvas-scaled.jpg?resize=2048%2C1365&amp;ssl=1 2048w, https:\/\/i0.wp.com\/rcf.eng.br\/blog\/wp-content\/uploads\/2020\/07\/saiba-como-economizar-agua-neste-periodo-sem-chuvas-scaled.jpg?resize=1200%2C800&amp;ssl=1 1200w, https:\/\/i0.wp.com\/rcf.eng.br\/blog\/wp-content\/uploads\/2020\/07\/saiba-como-economizar-agua-neste-periodo-sem-chuvas-scaled.jpg?resize=1980%2C1320&amp;ssl=1 1980w, https:\/\/i0.wp.com\/rcf.eng.br\/blog\/wp-content\/uploads\/2020\/07\/saiba-como-economizar-agua-neste-periodo-sem-chuvas-scaled.jpg?w=1740&amp;ssl=1 1740w\" sizes=\"(max-width: 580px) 100vw, 580px\" \/><\/div>\n\t\t<\/a>\n\t\t\t\t<div class=\"elementor-post__text\">\n\t\t\t\t<h3 class=\"elementor-post__title\">\n\t\t\t<a href=\"https:\/\/rcf.eng.br\/blog\/saiba-como-economizar-agua-neste-periodo-sem-chuvas\/\" >\n\t\t\t\tSaiba como economizar \u00e1gua neste per\u00edodo sem chuvas\t\t\t<\/a>\n\t\t<\/h3>\n\t\t\t\t<div class=\"elementor-post__meta-data\">\n\t\t\t\t\t<span class=\"elementor-post-author\">\n\t\t\tdevrocket\t\t<\/span>\n\t\t\t\t<span class=\"elementor-post-date\">\n\t\t\t31 de julho de 2024\t\t<\/span>\n\t\t\t\t<span class=\"elementor-post-avatar\">\n\t\t\tNenhum coment\u00e1rio\t\t<\/span>\n\t\t\t\t<\/div>\n\t\t\t\t<div class=\"elementor-post__excerpt\">\n\t\t\t<p>Apesar de Curitiba ser uma das cidades que mais chove, a realidade do momento \u00e9 outra. Precisamos nos conscientizar para que todos tenham \u00e1gua neste per\u00edodo de seca, outras pessoas tamb\u00e9m precisam. Ent\u00e3o saiba como economizar \u00e1gua neste per\u00edodo sem chuvas. \u00c9 dif\u00edcil de acreditar<\/p>\n\t\t<\/div>\n\t\t\t\t\t<a class=\"elementor-post__read-more\" href=\"https:\/\/rcf.eng.br\/blog\/saiba-como-economizar-agua-neste-periodo-sem-chuvas\/\" >\n\t\t\t\tLEIA MAIS\t\t\t<\/a>\n\t\t\t\t<\/div>\n\t\t\t\t<\/article>\n\t\t\t\t<article class=\"elementor-post elementor-grid-item post-1180 post type-post status-publish format-standard has-post-thumbnail hentry category-melhores_dicas_de_obras\">\n\t\t\t\t<a class=\"elementor-post__thumbnail__link\" href=\"https:\/\/rcf.eng.br\/blog\/absolutamente-tudo-que-voce-deve-saber-sobre-eletrica-antes-de-reformar-seu-apartamento-antigo\/\" >\n\t\t\t<div class=\"elementor-post__thumbnail\"><img width=\"580\" height=\"339\" src=\"https:\/\/i0.wp.com\/rcf.eng.br\/blog\/wp-content\/uploads\/2020\/07\/empresa-montagem-industrial-752x440-1.jpg?fit=580%2C339&amp;ssl=1\" class=\"attachment-medium_large size-medium_large\" alt=\"el\u00e9trica apartamento\" loading=\"lazy\" srcset=\"https:\/\/i0.wp.com\/rcf.eng.br\/blog\/wp-content\/uploads\/2020\/07\/empresa-montagem-industrial-752x440-1.jpg?w=752&amp;ssl=1 752w, https:\/\/i0.wp.com\/rcf.eng.br\/blog\/wp-content\/uploads\/2020\/07\/empresa-montagem-industrial-752x440-1.jpg?resize=300%2C176&amp;ssl=1 300w\" sizes=\"(max-width: 580px) 100vw, 580px\" \/><\/div>\n\t\t<\/a>\n\t\t\t\t<div class=\"elementor-post__text\">\n\t\t\t\t<h3 class=\"elementor-post__title\">\n\t\t\t<a href=\"https:\/\/rcf.eng.br\/blog\/absolutamente-tudo-que-voce-deve-saber-sobre-eletrica-antes-de-reformar-seu-apartamento-antigo\/\" >\n\t\t\t\tAbsolutamente tudo que voc\u00ea deve saber sobre el\u00e9trica antes de reformar seu apartamento antigo!\t\t\t<\/a>\n\t\t<\/h3>\n\t\t\t\t<div class=\"elementor-post__meta-data\">\n\t\t\t\t\t<span class=\"elementor-post-author\">\n\t\t\tRenato\t\t<\/span>\n\t\t\t\t<span class=\"elementor-post-date\">\n\t\t\t30 de julho de 2020\t\t<\/span>\n\t\t\t\t<span class=\"elementor-post-avatar\">\n\t\t\tNenhum coment\u00e1rio\t\t<\/span>\n\t\t\t\t<\/div>\n\t\t\t\t<div class=\"elementor-post__excerpt\">\n\t\t\t<p>O maior impacto financeiro na reforma de seu apartamento antigo est\u00e1 na readequa\u00e7\u00e3o de fia\u00e7\u00f5es, tomadas e disjuntores antigos para modelos que atendam as cargas e normas atuais. Continue a leitura e descubra absolutamente tudo que voc\u00ea deve saber sobre el\u00e9trica antes de reformar seu<\/p>\n\t\t<\/div>\n\t\t\t\t\t<a class=\"elementor-post__read-more\" href=\"https:\/\/rcf.eng.br\/blog\/absolutamente-tudo-que-voce-deve-saber-sobre-eletrica-antes-de-reformar-seu-apartamento-antigo\/\" >\n\t\t\t\tLEIA MAIS\t\t\t<\/a>\n\t\t\t\t<\/div>\n\t\t\t\t<\/article>\n\t\t\t\t<article class=\"elementor-post elementor-grid-item post-1172 post type-post status-publish format-standard has-post-thumbnail hentry category-melhores_dicas_de_obras tag-casa tag-construcao tag-engenharia tag-imovel tag-obra tag-projeto tag-reforma\">\n\t\t\t\t<a class=\"elementor-post__thumbnail__link\" href=\"https:\/\/rcf.eng.br\/blog\/engenharia-em-meio-a-crise-saiba-porque-este-e-o-melhor-momento-para-iniciar-o-seu-projeto\/\" >\n\t\t\t<div class=\"elementor-post__thumbnail\"><img width=\"580\" height=\"387\" src=\"https:\/\/i1.wp.com\/rcf.eng.br\/blog\/wp-content\/uploads\/2020\/07\/engenharia-em-meio-a-crise-saiba-porque-este-e-o-melhor-momento-para-iniciar-o-seu-projeto-scaled.jpg?fit=580%2C387&amp;ssl=1\" class=\"attachment-medium_large size-medium_large\" alt=\"engenharia-em-meio-a-crise-saiba-porque-este-e-o-melhor-momento-para-iniciar-o-seu-projeto\" loading=\"lazy\" srcset=\"https:\/\/i1.wp.com\/rcf.eng.br\/blog\/wp-content\/uploads\/2020\/07\/engenharia-em-meio-a-crise-saiba-porque-este-e-o-melhor-momento-para-iniciar-o-seu-projeto-scaled.jpg?w=2560&amp;ssl=1 2560w, https:\/\/i1.wp.com\/rcf.eng.br\/blog\/wp-content\/uploads\/2020\/07\/engenharia-em-meio-a-crise-saiba-porque-este-e-o-melhor-momento-para-iniciar-o-seu-projeto-scaled.jpg?resize=300%2C200&amp;ssl=1 300w, https:\/\/i1.wp.com\/rcf.eng.br\/blog\/wp-content\/uploads\/2020\/07\/engenharia-em-meio-a-crise-saiba-porque-este-e-o-melhor-momento-para-iniciar-o-seu-projeto-scaled.jpg?resize=750%2C500&amp;ssl=1 750w, https:\/\/i1.wp.com\/rcf.eng.br\/blog\/wp-content\/uploads\/2020\/07\/engenharia-em-meio-a-crise-saiba-porque-este-e-o-melhor-momento-para-iniciar-o-seu-projeto-scaled.jpg?resize=768%2C512&amp;ssl=1 768w, https:\/\/i1.wp.com\/rcf.eng.br\/blog\/wp-content\/uploads\/2020\/07\/engenharia-em-meio-a-crise-saiba-porque-este-e-o-melhor-momento-para-iniciar-o-seu-projeto-scaled.jpg?resize=1536%2C1024&amp;ssl=1 1536w, https:\/\/i1.wp.com\/rcf.eng.br\/blog\/wp-content\/uploads\/2020\/07\/engenharia-em-meio-a-crise-saiba-porque-este-e-o-melhor-momento-para-iniciar-o-seu-projeto-scaled.jpg?resize=2048%2C1365&amp;ssl=1 2048w, https:\/\/i1.wp.com\/rcf.eng.br\/blog\/wp-content\/uploads\/2020\/07\/engenharia-em-meio-a-crise-saiba-porque-este-e-o-melhor-momento-para-iniciar-o-seu-projeto-scaled.jpg?resize=1200%2C800&amp;ssl=1 1200w, https:\/\/i1.wp.com\/rcf.eng.br\/blog\/wp-content\/uploads\/2020\/07\/engenharia-em-meio-a-crise-saiba-porque-este-e-o-melhor-momento-para-iniciar-o-seu-projeto-scaled.jpg?resize=1980%2C1320&amp;ssl=1 1980w, https:\/\/i1.wp.com\/rcf.eng.br\/blog\/wp-content\/uploads\/2020\/07\/engenharia-em-meio-a-crise-saiba-porque-este-e-o-melhor-momento-para-iniciar-o-seu-projeto-scaled.jpg?w=1740&amp;ssl=1 1740w\" sizes=\"(max-width: 580px) 100vw, 580px\" \/><\/div>\n\t\t<\/a>\n\t\t\t\t<div class=\"elementor-post__text\">\n\t\t\t\t<h3 class=\"elementor-post__title\">\n\t\t\t<a href=\"https:\/\/rcf.eng.br\/blog\/engenharia-em-meio-a-crise-saiba-porque-este-e-o-melhor-momento-para-iniciar-o-seu-projeto\/\" >\n\t\t\t\tEngenharia em meio a crise: Saiba porqu\u00ea este \u00e9 o melhor momento para iniciar o seu projeto\t\t\t<\/a>\n\t\t<\/h3>\n\t\t\t\t<div class=\"elementor-post__meta-data\">\n\t\t\t\t\t<span class=\"elementor-post-author\">\n\t\t\tdevrocket\t\t<\/span>\n\t\t\t\t<span class=\"elementor-post-date\">\n\t\t\t28 de julho de 2020\t\t<\/span>\n\t\t\t\t<span class=\"elementor-post-avatar\">\n\t\t\tNenhum coment\u00e1rio\t\t<\/span>\n\t\t\t\t<\/div>\n\t\t\t\t<div class=\"elementor-post__excerpt\">\n\t\t\t<p>Estrat\u00e9gias e ferramentas fundamentais para iniciar um projeto em meio a crise econ\u00f4mica, analisando as melhores op\u00e7\u00f5es do mercado da engenharia A crise econ\u00f4mica pela qual o Brasil est\u00e1 passando faz com que muitas pessoas duvidem de suas escolhas e de seus projetos. Entretanto, deve-se<\/p>\n\t\t<\/div>\n\t\t\t\t\t<a class=\"elementor-post__read-more\" href=\"https:\/\/rcf.eng.br\/blog\/engenharia-em-meio-a-crise-saiba-porque-este-e-o-melhor-momento-para-iniciar-o-seu-projeto\/\" >\n\t\t\t\tLEIA MAIS\t\t\t<\/a>\n\t\t\t\t<\/div>\n\t\t\t\t<\/article>\n\t\t\t\t<article class=\"elementor-post elementor-grid-item post-1161 post type-post status-publish format-standard has-post-thumbnail hentry category-melhores_dicas_de_obras tag-banheiro tag-banho tag-construcao tag-nicho tag-reforma\">\n\t\t\t\t<a class=\"elementor-post__thumbnail__link\" href=\"https:\/\/rcf.eng.br\/blog\/conheca-os-modelos-de-nicho-mais-bonitos-para-seu-banheiro\/\" >\n\t\t\t<div class=\"elementor-post__thumbnail\"><img width=\"493\" height=\"493\" src=\"https:\/\/i0.wp.com\/rcf.eng.br\/blog\/wp-content\/uploads\/2020\/07\/conheca-os-modelos-de-nicho-mais-bonitos-para-seu-banheiro.png?fit=493%2C493&amp;ssl=1\" class=\"attachment-medium_large size-medium_large\" alt=\"conheca-os-modelos-de-nicho-mais-bonitos-para-seu-banheiro\" loading=\"lazy\" srcset=\"https:\/\/i0.wp.com\/rcf.eng.br\/blog\/wp-content\/uploads\/2020\/07\/conheca-os-modelos-de-nicho-mais-bonitos-para-seu-banheiro.png?w=493&amp;ssl=1 493w, https:\/\/i0.wp.com\/rcf.eng.br\/blog\/wp-content\/uploads\/2020\/07\/conheca-os-modelos-de-nicho-mais-bonitos-para-seu-banheiro.png?resize=300%2C300&amp;ssl=1 300w, https:\/\/i0.wp.com\/rcf.eng.br\/blog\/wp-content\/uploads\/2020\/07\/conheca-os-modelos-de-nicho-mais-bonitos-para-seu-banheiro.png?resize=150%2C150&amp;ssl=1 150w\" sizes=\"(max-width: 493px) 100vw, 493px\" \/><\/div>\n\t\t<\/a>\n\t\t\t\t<div class=\"elementor-post__text\">\n\t\t\t\t<h3 class=\"elementor-post__title\">\n\t\t\t<a href=\"https:\/\/rcf.eng.br\/blog\/conheca-os-modelos-de-nicho-mais-bonitos-para-seu-banheiro\/\" >\n\t\t\t\tConhe\u00e7a os modelos de nicho mais bonitos para seu banheiro\t\t\t<\/a>\n\t\t<\/h3>\n\t\t\t\t<div class=\"elementor-post__meta-data\">\n\t\t\t\t\t<span class=\"elementor-post-author\">\n\t\t\tdevrocket\t\t<\/span>\n\t\t\t\t<span class=\"elementor-post-date\">\n\t\t\t24 de julho de 2020\t\t<\/span>\n\t\t\t\t<span class=\"elementor-post-avatar\">\n\t\t\tNenhum coment\u00e1rio\t\t<\/span>\n\t\t\t\t<\/div>\n\t\t\t\t<div class=\"elementor-post__excerpt\">\n\t\t\t<p>O banheiro \u00e9 uma parte essencial de uma resid\u00eancia, \u00e9 o c\u00f4modo onde voc\u00ea precisa ter privacidade, sendo um lugar s\u00f3 seu e talvez do seu companheiro. Mas isso n\u00e3o significa que ele n\u00e3o pode ter o estilo e decora\u00e7\u00e3o que voc\u00ea quer. Conhe\u00e7a os<\/p>\n\t\t<\/div>\n\t\t\t\t\t<a class=\"elementor-post__read-more\" href=\"https:\/\/rcf.eng.br\/blog\/conheca-os-modelos-de-nicho-mais-bonitos-para-seu-banheiro\/\" >\n\t\t\t\tLEIA MAIS\t\t\t<\/a>\n\t\t\t\t<\/div>\n\t\t\t\t<\/article>\n\t\t\t\t<\/div>\n\t\t\t\t<nav class=\"elementor-pagination\" role=\"navigation\" aria-label=\"Pagina\u00e7\u00e3o\">\n\t\t\t<span class=\"page-numbers prev\">&laquo; Anterior<\/span>\n<span aria-current=\"page\" class=\"page-numbers current\"><span class=\"elementor-screen-only\">P\u00e1gina<\/span>1<\/span>\n<a class=\"page-numbers\" href=\"https:\/\/rcf.eng.br\/blog\/wp-json\/wp\/v2\/pages\/1228\/page\/2\/\"><span class=\"elementor-screen-only\">P\u00e1gina<\/span>2<\/a>\n<a class=\"page-numbers\" href=\"https:\/\/rcf.eng.br\/blog\/wp-json\/wp\/v2\/pages\/1228\/page\/3\/\"><span class=\"elementor-screen-only\">P\u00e1gina<\/span>3<\/a>\n<a class=\"page-numbers\" href=\"https:\/\/rcf.eng.br\/blog\/wp-json\/wp\/v2\/pages\/1228\/page\/4\/\"><span class=\"elementor-screen-only\">P\u00e1gina<\/span>4<\/a>\n<a class=\"page-numbers\" href=\"https:\/\/rcf.eng.br\/blog\/wp-json\/wp\/v2\/pages\/1228\/page\/5\/\"><span class=\"elementor-screen-only\">P\u00e1gina<\/span>5<\/a>\n<a class=\"page-numbers next\" href=\"https:\/\/rcf.eng.br\/blog\/wp-json\/wp\/v2\/pages\/1228\/page\/2\/\">Pr\u00f3ximo &raquo;<\/a>\t\t<\/nav>\n\t\t\t\t<\/div>\n\t\t\t\t<\/div>\n\t\t\t\t\t\t<\/div>\n\t\t\t\t\t<\/div>\n\t\t<\/div>\n\t\t\t\t\t\t\t\t<\/div>\n\t\t\t\t\t<\/div>\n\t\t<\/section>\n\t\t\t\t<section class=\"elementor-section elementor-top-section elementor-element elementor-element-99ffad7 elementor-section-boxed elementor-section-height-default elementor-section-height-default\" data-id=\"99ffad7\" data-element_type=\"section\">\n\t\t\t\t\t\t<div class=\"elementor-container elementor-column-gap-default\">\n\t\t\t\t\t\t\t<div class=\"elementor-row\">\n\t\t\t\t\t<div class=\"elementor-column elementor-col-100 elementor-top-column elementor-element elementor-element-c9697c2\" data-id=\"c9697c2\" data-element_type=\"column\">\n\t\t\t<div class=\"elementor-column-wrap elementor-element-populated\">\n\t\t\t\t\t\t\t<div class=\"elementor-widget-wrap\">\n\t\t\t\t\t\t<div class=\"elementor-element elementor-element-79ffd05 elementor-align-center elementor-widget elementor-widget-button\" data-id=\"79ffd05\" data-element_type=\"widget\" data-widget_type=\"button.default\">\n\t\t\t\t<div class=\"elementor-widget-container\">\n\t\t\t\t\t<div class=\"elementor-button-wrapper\">\n\t\t\t<a href=\"https:\/\/sherlockads.com.br\/track\/1722624207077x702055308190023700\" class=\"elementor-button-link elementor-button elementor-size-md\" role=\"button\">\n\t\t\t\t\t\t<span class=\"elementor-button-content-wrapper\">\n\t\t\t\t\t\t<span class=\"elementor-button-text\">Entre em contato<\/span>\n\t\t<\/span>\n\t\t\t\t\t<\/a>\n\t\t<\/div>\n\t\t\t\t<\/div>\n\t\t\t\t<\/div>\n\t\t\t\t\t\t<\/div>\n\t\t\t\t\t<\/div>\n\t\t<\/div>\n\t\t\t\t\t\t\t\t<\/div>\n\t\t\t\t\t<\/div>\n\t\t<\/section>\n\t\t\t\t\t\t<\/div>\n\t\t\t\t\t\t<\/div>\n\t\t\t\t\t<\/div>\n\t\t","protected":false},"excerpt":{"rendered":"<p>Entre em contato<\/p>\n","protected":false},"author":1,"featured_media":0,"parent":0,"menu_order":0,"comment_status":"closed","ping_status":"closed","template":"elementor_header_footer","meta":{"_monsterinsights_skip_tracking":false,"_monsterinsights_sitenote_active":false,"_monsterinsights_sitenote_note":"","_monsterinsights_sitenote_category":0,"spay_email":""},"yoast_head":"<!-- This site is optimized with the Yoast SEO plugin v15.7 - https:\/\/yoast.com\/wordpress\/plugins\/seo\/ -->\n<title>RCF Constru\u00e7\u00f5es Incorpora\u00e7\u00f5es<\/title>\n<meta name=\"robots\" content=\"index, follow, max-snippet:-1, max-image-preview:large, max-video-preview:-1\" \/>\n<link rel=\"canonical\" href=\"https:\/\/rcf.eng.br\/blog\/\" \/>\n<meta property=\"og:locale\" content=\"pt_BR\" \/>\n<meta property=\"og:type\" content=\"article\" \/>\n<meta property=\"og:title\" content=\"RCF Constru\u00e7\u00f5es Incorpora\u00e7\u00f5es\" \/>\n<meta property=\"og:description\" content=\"Entre em contato\" \/>\n<meta property=\"og:url\" content=\"https:\/\/rcf.eng.br\/blog\/\" \/>\n<meta property=\"og:site_name\" content=\"RCF Constru\u00e7\u00f5es Incorpora\u00e7\u00f5es\" \/>\n<meta property=\"article:modified_time\" content=\"2024-08-06T18:06:16+00:00\" \/>\n<meta name=\"twitter:card\" content=\"summary_large_image\" \/>\n<meta name=\"twitter:label1\" content=\"Est. reading time\">\n\t<meta name=\"twitter:data1\" content=\"4 minutos\">\n<script type=\"application\/ld+json\" class=\"yoast-schema-graph\">{\"@context\":\"https:\/\/schema.org\",\"@graph\":[{\"@type\":\"WebSite\",\"@id\":\"https:\/\/rcf.eng.br\/blog\/#website\",\"url\":\"https:\/\/rcf.eng.br\/blog\/\",\"name\":\"RCF Constru\\u00e7\\u00f5es Incorpora\\u00e7\\u00f5es\",\"description\":\"\",\"potentialAction\":[{\"@type\":\"SearchAction\",\"target\":\"https:\/\/rcf.eng.br\/blog\/?s={search_term_string}\",\"query-input\":\"required name=search_term_string\"}],\"inLanguage\":\"pt-BR\"},{\"@type\":\"WebPage\",\"@id\":\"https:\/\/rcf.eng.br\/blog\/#webpage\",\"url\":\"https:\/\/rcf.eng.br\/blog\/\",\"name\":\"RCF Constru\\u00e7\\u00f5es Incorpora\\u00e7\\u00f5es\",\"isPartOf\":{\"@id\":\"https:\/\/rcf.eng.br\/blog\/#website\"},\"datePublished\":\"2020-10-25T20:13:32+00:00\",\"dateModified\":\"2024-08-06T18:06:16+00:00\",\"inLanguage\":\"pt-BR\",\"potentialAction\":[{\"@type\":\"ReadAction\",\"target\":[\"https:\/\/rcf.eng.br\/blog\/\"]}]}]}<\/script>\n<!-- \/ Yoast SEO plugin. -->","_links":{"self":[{"href":"https:\/\/rcf.eng.br\/blog\/wp-json\/wp\/v2\/pages\/1228"}],"collection":[{"href":"https:\/\/rcf.eng.br\/blog\/wp-json\/wp\/v2\/pages"}],"about":[{"href":"https:\/\/rcf.eng.br\/blog\/wp-json\/wp\/v2\/types\/page"}],"author":[{"embeddable":true,"href":"https:\/\/rcf.eng.br\/blog\/wp-json\/wp\/v2\/users\/1"}],"replies":[{"embeddable":true,"href":"https:\/\/rcf.eng.br\/blog\/wp-json\/wp\/v2\/comments?post=1228"}],"version-history":[{"count":28,"href":"https:\/\/rcf.eng.br\/blog\/wp-json\/wp\/v2\/pages\/1228\/revisions"}],"predecessor-version":[{"id":1288,"href":"https:\/\/rcf.eng.br\/blog\/wp-json\/wp\/v2\/pages\/1228\/revisions\/1288"}],"wp:attachment":[{"href":"https:\/\/rcf.eng.br\/blog\/wp-json\/wp\/v2\/media?parent=1228"}],"curies":[{"name":"wp","href":"https:\/\/api.w.org\/{rel}","templated":true}]}}